mber?
False
Let i = -1145 - -726. Let w = -157 - i. Is w prime?
False
Suppose 4*z = -3*f + 33028, 5*z - 57241 = -2*f - 15963. Is z a composite number?
True
Let u be (-2)/(-6) - 13/6*14. Let n = u - -45. Is n composite?
True
Suppose 4*j + j = -10. Is ((-19)/12*3)/(j/8) composite?
False
Let h(o) be the first derivative of 55*o**2 + 6*o - 1. Let t(k) = 220*k + 11. Let u(b) = -5*h(b) + 3*t(b). Is u(2) a prime number?
True
Is 24143 + (0 - (-5 + 6)) prime?
False
Suppose 3*o = 2*j - 4*j + 14, 0 = 4*j + 2*o - 20. Let p be j/(-12) + 5/(-3). Is 589 - (1 + p - -3) a prime number?
True
Let z be (-2)/(-2) + 3 + -2. Let b be (-63)/(-15) + (-3)/15. Suppose -w = z, b*w + 138 = 2*v - 0*w. Is v composite?
True
Let i(o) = 22*o - 4. Let q be i(6). Suppose 5*c = q + 137. Is c prime?
True
Suppose -8765 = -4*s + 7431. Is s a composite number?
False
Suppose 4*m - 18*m = -42. Suppose -6112 + 1663 = -m*t - 3*o, 3*o = 4*t - 5918. Is t a composite number?
False
Suppose 7 = -5*m + 32. Suppose -25491 = -3*o + 4*q, m*o - 4*o + 2*q - 8507 = 0. Is o a prime number?
True
Let n(q) = -4*q**3 + q**2 + q - 1. Let f be n(-1). Suppose 0 = -2*s + 2*u + 754, 1331 + 558 = 5*s - f*u. Is s composite?
False
Let a(i) be the second derivative of -i**3/6 + 177*i**2 + 3*i. Let p be a(0). Let r = p - -27. Is r a composite number?
True
Let d be (0 + 2)*(-45)/30. Let y(z) = -65*z + 6. Let b be y(d). Suppose 5*p = b + 809. Is p prime?
False
Let d(o) = o**3 + o**2 + o - 1. Let h(x) = 17*x**3 + 8*x**2 + 4*x - 9. Let s(v) = 6*d(v) - h(v). Let m be (-4)/(-12) - (-28)/(-12). Is s(m) composite?
False
Let p(i) = -i**3 - 8*i**2 + 9*i + 9. Let z be p(-9). Let g be (-12)/(-16)*24/z. Suppose 2*a + 93 = g*h - 59, 4*h = -3*a + 290. Is h a prime number?
False
Suppose 0 = -2*j + 4*j. Suppose 4*r - r - 6 = j. Suppose r*c = 3*c - 77. Is c a prime number?
False
Suppose 0 = 3*k + 18. Let g be (-1 + -2 - k)*5. Is g/(-10)*(-28)/6 composite?
False
Let b be (0 - 0)/(-1 - -2). Suppose b = -3*h - 3*h - 6. Is h/(-5) - 28576/(-95) composite?
True
Suppose -2*r + 4013 = f, 2*f - 3*r - 7971 = 4*r. Is f a prime number?
True
Suppose -48*f + 26833 + 18911 = 0. Is f a prime number?
True
Let d = 1962 - -934. Suppose 4*g = -812 + d. Is g a composite number?
False
Let d(h) be the second derivative of -59*h**3/6 + 17*h**2 + 9*h. Is d(-11) a composite number?
False
Let q = 3 - 1. Suppose q*c = -0*c. Suppose -122 = -4*b + a, c = -4*b - a + 41 + 85. Is b composite?
False
Let k(q) be the third derivative of 11*q**6/20 + q**5/60 - q**4/24 + q**3/6 - 7*q**2. Is k(1) a composite number?
False
Let l be ((-136)/(-20) - 4)*-5. Is (1 - -154)/((-14)/l) a prime number?
False
Let t(y) = 10*y**2 - 46*y + 1. Is t(-8) composite?
False
Let y(s) = 2*s**2 - 20*s + 28. Let a be y(8). Is 166/4*(a + 6) composite?
False
Suppose 33 = -5*j - 62. Let n = 28 + j. Let p(s) = -s**3 + 9*s**2 + 6*s + 13. Is p(n) a composite number?
False
Suppose -5*z + 21017 = -4*s, z + 3*z - 2*s = 16810. Is z a prime number?
True
Let g(j) = -j**2 + 25*j - 28. Let q be g(21). Suppose 3 - 11 = -2*v. Suppose t + 3*t - v*h - q = 0, h - 28 = -2*t. Is t a prime number?
False
Suppose y + 2*a - 2209 - 5224 = 0, 5*y + a = 37165. Is y a prime number?
True
Let b = 184 + -171. Is b prime?
True
Let n(m) = 4*m**2 - 29*m + 26. Is n(19) a prime number?
True
Let t = 48 - -11417. Is t prime?
False
Let f = -28 + 40. Suppose 3*x = -4*n - 0*x + 12, 3*n - f = -3*x. Suppose -4*g - 4*a + 392 = -n*g, 0 = -5*g - 4*a + 486. Is g prime?
False
Let c = 13 - 8. Suppose -c*j = -3*j - 176. Let p = -31 + j. Is p prime?
False
Suppose 4*k = -k + 5*i + 21805, -k - 5*i = -4355. Suppose -2184 = -2*n + x - 3*x, -4*n + 4*x = -k. Is n a composite number?
False
Let n(u) = 10*u**2 - 4*u - 19. Suppose -2*d = -a + 15, -9*d - 31 = -4*d + 4*a. Is n(d) a prime number?
True
Let t(p) = -p**3 - 2*p**2 - p + 3. Let f be t(0). Is (-1)/((-1)/879*f) composite?
False
Let w(f) = 24*f**2 + 1. Let i be w(8). Let j = i + 942. Is j a composite number?
True
Suppose -2*x = 3*y + 965, 2*x - 945 = 4*x - y. Let r = -77 - x. Is r a prime number?
False
Let q = -453 - 1161. Let k = q - -3325. Is k composite?
True
Suppose 3*c - 3*m = -8*m - 1152, -3*m = -3*c - 1176. Let g = c + 2046. Is g a prime number?
True
Suppose 0*r - 6*r = -54. Suppose -r*p = -18068 + 3929. Is p a prime number?
True
Is 10/2 + -5 + 6 + 7421 composite?
True
Suppose -894 = -0*y - 6*y. Suppose 3*w - y - 610 = 0. Is w prime?
False
Let x(o) = 2085*o - 1. Suppose -6 = -4*t - 2. Let b be x(t). Suppose b = 5*m + 3*v, -6*m + 5*v = -m - 2060. Is m a composite number?
True
Suppose 6*g - 2*g - 8 = 0. Suppose -g*p + 7*p = 5755. Is p a prime number?
True
Let p be ((-28)/6)/((-6)/9). Let v(g) be the second derivative of g**5/20 + g**4/12 - g**3/2 + 4*g**2 - 18*g. Is v(p) prime?
True
Let g(l) = 5*l - 21. Let y be g(4). Let w(m) = -2 + 1 - 4*m - 318*m**3 + 2*m. Is w(y) a composite number?
True
Suppose -2*n - 3*t = 7, -4*n = -5*t - 16 - 25. Suppose 0 = -n*j + 63 + 93. Is j a prime number?
False
Let c be 28/(((-44)/(-48))/11). Suppose -2*m - 18 = -c. Is m a composite number?
True
Suppose -3*u - t = 2, 3*u - u + 4*t = -18. Is 3*(167557/156 - u/(-4)) composite?
True
Let v = 15 - 23. Let s(x) = -12*x - 11. Is s(v) a composite number?
True
Let x be (-5 - (-1 - 3)) + 3. Let m be x/(-8) + (-100)/(-16). Suppose 0 = s - m*s + 1055. Is s a composite number?
False
Is (-2515)/2*((-48)/(-20))/(-3) a prime number?
False
Let w be (3 - 10/3)*-6. Let c(u) = -u**3 + w + 4*u - 6 + 7*u**2 - 7 + 4. Is c(6) a prime number?
True
Let z = -413 + 845. Let b = z + -269. Is b composite?
False
Suppose 0 = q - 2*y - 10385, 11*q - 4*q - 72676 = -5*y. Is q a prime number?
False
Is (56/140 + (-21637)/5)*-2 composite?
True
Let v be ((-90)/8)/3 - 4/16. Is (1 - 3)*(v + (-729)/6) a prime number?
True
Let o(a) = a**3 + 12*a**2 + 12*a + 16. Let y be o(-11). Suppose 4*m - y*m = 0. Suppose -n - 164 = -u + 2*n, m = -3*u + 5*n + 472. Is u a composite number?
False
Is (-30)/105 + 49797/21 a prime number?
True
Suppose -3*z + 5*z - 3*x - 1142 = 0, -2*x = 5*z - 2817. Is z prime?
False
Let m(p) = -6817*p - 74. Is m(-1) composite?
True
Let r = 21 + -9. Let j be -2 - (-28)/(r/3). Suppose 2*c = -3*x - x + 2876, x = -j*c + 737. Is x a prime number?
False
Suppose -5*h + 0*y - 2*y + 30 = 0, 2*y + 12 = 2*h. Suppose -4*m - t = -1631, -h*m + 9*m - 1230 = -3*t. Is m composite?
True
Suppose -19*c = -14*c + 925. Let t be (1 + (-86)/4)*28. Let g = c - t. Is g prime?
True
Let w = -10 - -15. Suppose -w*b = -15 - 5. Is -4 - -25 - b*-1 a prime number?
False
Let k(q) = -5*q**2 - 2*q - 1. Let b be k(-1). Let f be 0/(1 + b) + 2. Let z(a) = 33*a**3 - 2*a**2 + a + 1. Is z(f) a composite number?
True
Let b = -11530 + 17775. Is b prime?
False
Let y = -29400 + 48953. Is y composite?
False
Let c = -14 - -20. Let h(z) = -z**3 + 6*z**2 - 2*z - 2. Let k be h(c). Let p(w) = w**3 + 15*w**2 + 8*w + 1. Is p(k) a prime number?
False
Let q(b) = -2*b**2 - b + 1. Let h be q(-1). Suppose 3*a - 3399 = -3*o, -3*o - a + 3403 = -h*a. Is o prime?
False
Suppose 2*i = -i. Let p = -9 + 12. Suppose 318 = -i*t + p*t. Is t a composite number?
True
Suppose 0 = 4*n + 5*p + 9139, 6898 = -3*n + 2*p + 3*p. Let m = -1602 - n. Is m composite?
True
Let x = 19427 - 13378. Is x a composite number?
True
Let b = 265 + 414. Is b a prime number?
False
Let g = 2 + 1. Suppose 0 = 3*b - g*l - 666, 5*b + 8*l = 3*l + 1060. Suppose 0*m - 5*w = -m + 78, 4*m - w - b = 0. Is m prime?
True
Let d = -22 - -29. Suppose 2*v - 13 = -d. Suppose -3032 = -5*s - v*q + 21, 2*q = 4*s - 2460. Is s composite?
False
Let c = -43 + 85. Suppose -t = 5*o + 3*t + c, -12 = 2*o + 4*t. Is (-12)/(-30) - 766/o a composite number?
True
Suppose -5*v + v + 3*a = -2515, -4*v - a + 2527 = 0. Is v prime?
True
Let t = 3418 + -1177. Suppose 0*f + 4*f = -j + t, -5*f + 5*j = -2770. Is f prime?
False
Is 10/2 - (-10534 - -10) a composite number?
False
Let g(d) = -3*d**3 + 11*d**2 - 29*d - 33. Let h(t) = -t**3 + 6*t**2 - 15*t - 17. Let b(r) = 3*g(r) - 7*h(r). Is b(-9) prime?
True
Suppose -k + 437 = -51. Let q = k - -143. Is q a composite number?
False
Let n be ((-6)/(-12))/(5/(-6) + 1). Suppose -n*w = -1938 - 3441. Is w composite?
True
Let j = 44 + -49. Let f(r) = 11*r**2 + 10*r - 2. Is f(j) composite?
False
Suppose 2*q - 5993 = -m, -2*q + 5*m - 